{"id":15723,"date":"2026-04-27T11:30:19","date_gmt":"2026-04-27T11:30:19","guid":{"rendered":"https:\/\/balsam-medica.pl\/pl\/?post_type=profile&#038;p=15723"},"modified":"2026-04-27T11:33:33","modified_gmt":"2026-04-27T11:33:33","slug":"pdr-hab-n-med-dagmara-mirowska-guzel","status":"publish","type":"profile","link":"https:\/\/balsam-medica.pl\/pl\/profile\/pdr-hab-n-med-dagmara-mirowska-guzel\/","title":{"rendered":"Prof. dr hab. n. med. Dagmara Mirowska-Guzel"},"content":{"rendered":"<div id=\"cmsmasters_row_523c85d9c6\" class=\"cmsmasters_row cmsmasters_color_scheme_default cmsmasters_row_top_default cmsmasters_row_bot_default cmsmasters_row_boxed\">\n<div class=\"cmsmasters_row_outer_parent\">\n<div class=\"cmsmasters_row_outer\">\n<div class=\"cmsmasters_row_inner\">\n<div class=\"cmsmasters_row_margin\">\n<div id=\"cmsmasters_column_82d4dd7246\" class=\"cmsmasters_column one_first\">\n<div class=\"cmsmasters_column_inner\"><div class=\"aligncenter\"><div class=\"cmsmasters_img  cmsmasters_image_c\"><img decoding=\"async\" src=\"https:\/\/balsam-medica.pl\/wp-content\/uploads\/2026\/04\/foto-Dagmara-Mirowska-Guzel-1-238x300.jpg\" \/><\/div><\/div>\n<\/div><\/div>\n<\/div>\n<\/div>\n<\/div>\n<\/div>\n<\/div>\n<div id=\"cmsmasters_row_7af9f68339\" class=\"cmsmasters_row cmsmasters_color_scheme_default cmsmasters_row_top_default cmsmasters_row_bot_default cmsmasters_row_boxed\">\n<div class=\"cmsmasters_row_outer_parent\">\n<div class=\"cmsmasters_row_outer\">\n<div class=\"cmsmasters_row_inner\">\n<div class=\"cmsmasters_row_margin\">\n<div id=\"cmsmasters_column_f4d4bce595\" class=\"cmsmasters_column one_first\">\n<div class=\"cmsmasters_column_inner\"><div class=\"cmsmasters_text\">\n<p>Prof. dr hab. n. med. Dagmara Mirowska-Guzel.<br \/>\nJestem neurologiem i farmakologiem klinicznym. Specjalizacj\u0119 z neurologii i do\u015bwiadczenie zawodowe zdoby\u0142am w II Klinice Neurologicznej Instytutu Psychiatrii i Neurologii w Warszawie. Do 2025 r. pracowa\u0142am w Poradni Przyklinicznej IPiN opiekuj\u0105c si\u0119 pacjentami z chorobami demielinizacyjnymi. Jednocze\u015bnie od 2013 r. jestem kierownikiem Katedry i Zak\u0142adu Farmakologii Do\u015bwiadczalnej i<br \/>\nKlinicznej Warszawskiego Uniwersytetu Medycznego. Moje zainteresowania lekarskie i naukowe dotycz\u0105 szczeg\u00f3lnie stwardnienia rozsianego, z uwzgl\u0119dnieniem monitorowania dzia\u0142a\u0144 niepo\u017c\u0105danych lek\u00f3w i racjonalizacji farmakoterapii.<\/p>\n<\/div>\n<\/div><\/div>\n<\/div>\n<\/div>\n<\/div>\n<\/div>\n<\/div>\n\n","protected":false},"excerpt":{"rendered":"","protected":false},"featured_media":15725,"menu_order":0,"comment_status":"closed","ping_status":"open","template":"","meta":{"footnotes":""},"pl-categs":[76],"class_list":["post-15723","profile","type-profile","status-publish","has-post-thumbnail","hentry","pl-categs-neurologia"],"_links":{"self":[{"href":"https:\/\/balsam-medica.pl\/pl\/wp-json\/wp\/v2\/profile\/15723","targetHints":{"allow":["GET"]}}],"collection":[{"href":"https:\/\/balsam-medica.pl\/pl\/wp-json\/wp\/v2\/profile"}],"about":[{"href":"https:\/\/balsam-medica.pl\/pl\/wp-json\/wp\/v2\/types\/profile"}],"replies":[{"embeddable":true,"href":"https:\/\/balsam-medica.pl\/pl\/wp-json\/wp\/v2\/comments?post=15723"}],"version-history":[{"count":4,"href":"https:\/\/balsam-medica.pl\/pl\/wp-json\/wp\/v2\/profile\/15723\/revisions"}],"predecessor-version":[{"id":15729,"href":"https:\/\/balsam-medica.pl\/pl\/wp-json\/wp\/v2\/profile\/15723\/revisions\/15729"}],"wp:featuredmedia":[{"embeddable":true,"href":"https:\/\/balsam-medica.pl\/pl\/wp-json\/wp\/v2\/media\/15725"}],"wp:attachment":[{"href":"https:\/\/balsam-medica.pl\/pl\/wp-json\/wp\/v2\/media?parent=15723"}],"wp:term":[{"taxonomy":"pl-categs","embeddable":true,"href":"https:\/\/balsam-medica.pl\/pl\/wp-json\/wp\/v2\/pl-categs?post=15723"}],"curies":[{"name":"wp","href":"https:\/\/api.w.org\/{rel}","templated":true}]}}

<div id="cmsmasters_row_523c85d9c6" class="cmsmasters_row cmsmasters_color_scheme_default cmsmasters_row_top_default cmsmasters_row_bot_default cmsmasters_row_boxed">
<div class="cmsmasters_row_outer_parent">
<div class="cmsmasters_row_outer">
<div class="cmsmasters_row_inner">
<div class="cmsmasters_row_margin">
<div id="cmsmasters_column_82d4dd7246" class="cmsmasters_column one_first">
<div class="cmsmasters_column_inner"><div class="aligncenter"><div class="cmsmasters_img  cmsmasters_image_c"><img decoding="async" src="https://balsam-medica.pl/wp-content/uploads/2026/04/foto-Dagmara-Mirowska-Guzel-1-238x300.jpg" /></div></div>
</div></div>
</div>
</div>
</div>
</div>
</div>
<div id="cmsmasters_row_7af9f68339" class="cmsmasters_row cmsmasters_color_scheme_default cmsmasters_row_top_default cmsmasters_row_bot_default cmsmasters_row_boxed">
<div class="cmsmasters_row_outer_parent">
<div class="cmsmasters_row_outer">
<div class="cmsmasters_row_inner">
<div class="cmsmasters_row_margin">
<div id="cmsmasters_column_f4d4bce595" class="cmsmasters_column one_first">
<div class="cmsmasters_column_inner"><div class="cmsmasters_text">
<p>Prof. dr hab. n. med. Dagmara Mirowska-Guzel.<br />
Jestem neurologiem i farmakologiem klinicznym. Specjalizację z neurologii i doświadczenie zawodowe zdobyłam w II Klinice Neurologicznej Instytutu Psychiatrii i Neurologii w Warszawie. Do 2025 r. pracowałam w Poradni Przyklinicznej IPiN opiekując się pacjentami z chorobami demielinizacyjnymi. Jednocześnie od 2013 r. jestem kierownikiem Katedry i Zakładu Farmakologii Doświadczalnej i<br />
Klinicznej Warszawskiego Uniwersytetu Medycznego. Moje zainteresowania lekarskie i naukowe dotyczą szczególnie stwardnienia rozsianego, z uwzględnieniem monitorowania działań niepożądanych leków i racjonalizacji farmakoterapii.</p>
</div>
</div></div>
</div>
</div>
</div>
</div>
</div>
